{"id":3,"date":"2011-01-01T01:00:01","date_gmt":"2011-01-01T00:00:01","guid":{"rendered":"https:\/\/tetodisz.hu\/new\/beginners\/"},"modified":"2026-01-04T14:32:03","modified_gmt":"2026-01-04T13:32:03","slug":"beginners","status":"publish","type":"page","link":"https:\/\/tetodisz.hu\/new\/","title":{"rendered":"\u00dcdv\u00f6zl\u00f6m oldalamon"},"content":{"rendered":"\n<p>&nbsp;<\/p>\n\n\n\n<h2 class=\"wp-block-heading has-text-align-center\">D\u00edszm\u0171b\u00e1dogos &#8211; M\u0171eml\u00e9kfenntart\u00f3 technikus<\/h2>\n\n\n\n<p><\/p>\n\n\n\n<p><strong>V<\/strong><strong>\u00e1<\/strong><strong>llalkoz<\/strong><strong>\u00e1<\/strong><strong>sunk 1968 <\/strong><strong>\u00f3<\/strong><strong>ta csal<\/strong><strong>\u00e1<\/strong><strong>di v<\/strong><strong>\u00e1<\/strong><strong>llalkoz<\/strong><strong>\u00e1<\/strong><strong>sk<\/strong><strong>\u00e9<\/strong><strong>nt m<\/strong><strong>\u0171<\/strong><strong>k<\/strong><strong>\u00f6<\/strong><strong>dik T<\/strong><strong>\u00f6<\/strong><strong>r<\/strong><strong>\u00f6<\/strong><strong>kszentmikl<\/strong><strong>\u00f3<\/strong><strong>son. Egyedi d<\/strong><strong>\u00ed<\/strong><strong>szm<\/strong><strong>\u0171<\/strong><strong>b<\/strong><strong>\u00e1<\/strong><strong>dogos term<\/strong><strong>\u00e9<\/strong><strong>kek k<\/strong><strong>\u00e9<\/strong><strong>sz<\/strong><strong>\u00ed<\/strong><strong>t<\/strong><strong>\u00e9<\/strong><strong>s<\/strong><strong>\u00e9<\/strong><strong>vel foglalkozunk. A d<\/strong><strong>\u00ed<\/strong><strong>szm<\/strong><strong>\u0171<\/strong><strong>b<\/strong><strong>\u00e1<\/strong><strong>dogos term<\/strong><strong>\u00e9<\/strong><strong>keket rajz vagy a lebontott ak<\/strong><strong>\u00e1<\/strong><strong>r s<\/strong><strong>\u00e9<\/strong><strong>r<\/strong><strong>\u00fc<\/strong><strong>lt, hi<\/strong><strong>\u00e1<\/strong><strong>nyos mintadarabok alapj<\/strong><strong>\u00e1<\/strong><strong>n eredeti form<\/strong><strong>\u00e1<\/strong><strong>ban k<\/strong><strong>\u00e9<\/strong><strong>sz<\/strong><strong>\u00ed<\/strong><strong>tj<\/strong><strong>\u00fc<\/strong><strong>k el. Anyaga lehet r<\/strong><strong>\u00e9<\/strong><strong>z illetve horgany lemez.<\/strong><strong><\/strong><\/p>\n\n\n\n<p><strong>N\u00e9h\u00e1ny v\u00e9dett \u00e9p\u00fclet, amely k\u00f6zrem\u0171k\u00f6d\u00e9s\u00fcnkkel k\u00e9sz\u00fclt el:<\/strong><\/p>\n\n\n\n<ul class=\"wp-block-list\">\n<li><strong>T\u00f6r\u00f6kszentmikl\u00f3s Alm\u00e1sy Kast\u00e9ly, Kisv\u00e1rda K\u00f6nyvt\u00e1r, Miskolc Erzs\u00e9bet F\u00fcrd\u0151 , Veszpr\u00e9m Arar\u00e1t Eml\u00e9km\u0171 , Kaposv\u00e1r Vas\u00fat\u00e1llom\u00e1s , Eger T\u00f6rv\u00e9nysz\u00e9k, Balatonf\u00fcred P\u00e1l\u00f3czi Kast\u00e9ly, Nagyk\u0151r\u00f6s M\u00fazeum, Budapest Corvinus Egyetem, N\u00e1dasdlad\u00e1ny N\u00e1dasdy Kast\u00e9ly, Borsi R\u00e1k\u00f3czi Kast\u00e9ly, Kecskem\u00e9t Kod\u00e1ly Int\u00e9zet, Veszpr\u00e9m \u00c9rseki Palota, S\u00e1rospatak Bazilika, Sz\u00e9cs\u00e9ny Bencz\u00far Kast\u00e9ly, R\u00e9de Turul szobor, Veszpr\u00e9m ActiCity(M. Kir\u00e1lyi Gyermekmenhely), Szolnok Belv\u00e1rosi templom, Esztergom v\u00e1rmegyeh\u00e1za, J\u00e1szber\u00e9ny egyetem, Szolnok t\u00f6rv\u00e9nysz\u00e9k, Ny\u00edregyh\u00e1za V\u00e1rmegyeh\u00e1za.<\/strong><\/li>\n<\/ul>\n\n\n\n<p><\/p>\n\n\n<div class=\"wp-block-image\">\n<figure class=\"aligncenter size-large\"><img loading=\"lazy\" decoding=\"async\" width=\"1024\" height=\"251\" src=\"https:\/\/tetodisz.hu\/new\/wp-content\/uploads\/2026\/01\/kep-4-1024x251.png\" alt=\"\" class=\"wp-image-322\" srcset=\"https:\/\/tetodisz.hu\/new\/wp-content\/uploads\/2026\/01\/kep-4-1024x251.png 1024w, https:\/\/tetodisz.hu\/new\/wp-content\/uploads\/2026\/01\/kep-4-300x74.png 300w, https:\/\/tetodisz.hu\/new\/wp-content\/uploads\/2026\/01\/kep-4-768x188.png 768w, https:\/\/tetodisz.hu\/new\/wp-content\/uploads\/2026\/01\/kep-4-1536x377.png 1536w, https:\/\/tetodisz.hu\/new\/wp-content\/uploads\/2026\/01\/kep-4-2048x502.png 2048w\" sizes=\"auto, (max-width: 1024px) 100vw, 1024px\" \/><\/figure>\n<\/div>","protected":false},"excerpt":{"rendered":"<p>&nbsp; D\u00edszm\u0171b\u00e1dogos &#8211; M\u0171eml\u00e9kfenntart\u00f3 technikus V\u00e1llalkoz\u00e1sunk 1968 \u00f3ta csal\u00e1di v\u00e1llalkoz\u00e1sk\u00e9nt m\u0171k\u00f6dik T\u00f6r\u00f6kszentmikl\u00f3son. Egyedi d\u00edszm\u0171b\u00e1dogos term\u00e9kek k\u00e9sz\u00edt\u00e9s\u00e9vel foglalkozunk. A d\u00edszm\u0171b\u00e1dogos term\u00e9keket [&hellip;]<\/p>\n","protected":false},"author":1,"featured_media":2,"parent":0,"menu_order":1,"comment_status":"closed","ping_status":"closed","template":"","meta":{"footnotes":""},"class_list":["post-3","page","type-page","status-publish","has-post-thumbnail","hentry"],"_links":{"self":[{"href":"https:\/\/tetodisz.hu\/new\/wp-json\/wp\/v2\/pages\/3","targetHints":{"allow":["GET"]}}],"collection":[{"href":"https:\/\/tetodisz.hu\/new\/wp-json\/wp\/v2\/pages"}],"about":[{"href":"https:\/\/tetodisz.hu\/new\/wp-json\/wp\/v2\/types\/page"}],"author":[{"embeddable":true,"href":"https:\/\/tetodisz.hu\/new\/wp-json\/wp\/v2\/users\/1"}],"replies":[{"embeddable":true,"href":"https:\/\/tetodisz.hu\/new\/wp-json\/wp\/v2\/comments?post=3"}],"version-history":[{"count":39,"href":"https:\/\/tetodisz.hu\/new\/wp-json\/wp\/v2\/pages\/3\/revisions"}],"predecessor-version":[{"id":323,"href":"https:\/\/tetodisz.hu\/new\/wp-json\/wp\/v2\/pages\/3\/revisions\/323"}],"wp:featuredmedia":[{"embeddable":true,"href":"https:\/\/tetodisz.hu\/new\/wp-json\/wp\/v2\/media\/2"}],"wp:attachment":[{"href":"https:\/\/tetodisz.hu\/new\/wp-json\/wp\/v2\/media?parent=3"}],"curies":[{"name":"wp","href":"https:\/\/api.w.org\/{rel}","templated":true}]}}